units digit of 71425?
5
What is the ten thousands digit of 150697?
5
What is the thousands digit of 6637?
6
What is the units digit of 3924661?
1
What is the units digit of 208201?
1
What is the millions digit of 3834613?
3
What is the ten thousands digit of 1006779?
0
What is the millions digit of 5473891?
5
What is the thousands digit of 116228?
6
What is the millions digit of 4046909?
4
What is the tens digit of 116501?
0
What is the thousands digit of 10771448?
1
What is the thousands digit of 3950751?
0
What is the thousands digit of 6304261?
4
What is the units digit of 635071?
1
What is the tens digit of 301634?
3
What is the thousands digit of 329133?
9
What is the ten thousands digit of 516353?
1
What is the hundreds digit of 7105631?
6
What is the units digit of 1597554?
4
What is the thousands digit of 10087324?
7
What is the units digit of 9876058?
8
What is the thousands digit of 944994?
4
What is the ten thousands digit of 355777?
5
What is the hundreds digit of 3854513?
5
What is the hundred thousands digit of 2819063?
8
What is the hundred thousands digit of 424620?
4
What is the hundreds digit of 1099100?
1
What is the hundreds digit of 1661378?
3
What is the tens digit of 1328493?
9
What is the millions digit of 2515858?
2
What is the tens digit of 79456?
5
What is the thousands digit of 1200198?
0
What is the units digit of 211571?
1
What is the ten thousands digit of 1462572?
6
What is the hundreds digit of 806528?
5
What is the hundreds digit of 18502202?
2
What is the thousands digit of 13172?
3
What is the hundreds digit of 1813320?
3
What is the ten thousands digit of 2814848?
1
What is the ten millions digit of 18978292?
1
What is the units digit of 194156?
6
What is the hundred thousands digit of 19910728?
9
What is the tens digit of 1495644?
4
What is the tens digit of 238992?
9
What is the tens digit of 10118222?
2
What is the hundreds digit of 24700798?
7
What is the thousands digit of 9228549?
8
What is the thousands digit of 880592?
0
What is the ten thousands digit of 1426035?
2
What is the hundred thousands digit of 21965703?
9
What is the thousands digit of 6686403?
6
What is the hundreds digit of 1214027?
0
What is the ten thousands digit of 2845257?
4
What is the hundreds digit of 1320627?
6
What is the units digit of 2322238?
8
What is the thousands digit of 12882881?
2
What is the hundred thousands digit of 24060939?
0
What is the thousands digit of 4735733?
5
What is the hundred thousands digit of 119537?
1
What is the tens digit of 1902251?
5
What is the thousands digit of 24433?
4
What is the thousands digit of 265185?
5
What is the hundred thousands digit of 1631613?
6
What is the units digit of 1090340?
0
What is the thousands digit of 3774234?
4
What is the tens digit of 1083837?
3
What is the tens digit of 666361?
6
What is the ten millions digit of 19165009?
1
What is the tens digit of 4422897?
9
What is the thousands digit of 269902?
9
What is the hundreds digit of 68912?
9
What is the units digit of 1360013?
3
What is the units digit of 34483124?
4
What is the tens digit of 110627?
2
What is the tens digit of 4025511?
1
What is the tens digit of 454242?
4
What is the hundreds digit of 32910?
9
What is the tens digit of 2718538?
3
What is the millions digit of 5619983?
5
What is the thousands digit of 2166152?
6
What is the hundreds digit of 308353?
3
What is the units digit of 3684086?
6
What is the thousands digit of 21328991?
8
What is the units digit of 327941?
1
What is the thousands digit of 6492?
6
What is the hundred thousands digit of 199190?
1
What is the millions digit of 4827687?
4
What is the tens digit of 881266?
6
What is the thousands digit of 31229655?
9
What is the hundreds digit of 10341887?
8
What is the ten thousands digit of 15241019?
4
What is the units digit of 2418691?
1
What is the thousands digit of 11417402?
7
What is the ten thousands digit of 732335?
3
What is the ten thousands digit of 940130?
4
What is the millions digit of 1075425?
1
What is the ten thousands digit of 1376561?
7
What is the ten thousands digit of 240714?
4
What is the units digit of 4479303?
3
What is the units digit of 175237?
7
What is the units digit of 2579549?
9
What is the hundreds digit of 326875?
8
What is the millions digit of 21079746?
1
What is the hundreds digit of 386124?
1
What is the millions digit of 5637744?
5
What is the hundred thousands digit of 299271?
2
What is the hundreds digit of 195720?
7
What is the hundred thousands digit of 483136?
4
What is the ten millions digit of 10377208?
1
What is the tens digit of 3397734?
3
What is the tens digit of 7759?
5
What is the hundred thousands digit of 202548?
2
What is the thousands digit of 1464904?
4
What is the hundred thousands digit of 199235?
1
What is the hundred thousands digit of 105292?
1
What is the ten thousands digit of 396073?
9
What is the hundreds digit of 243748?
7
What is the hundred thousands digit of 206717?
2
What is the units digit of 406853?
3
What is the hundreds digit of 687471?
4
What is the ten millions digit of 18993672?
1
What is the thousands digit of 1305854?
5
What is the units digit of 24502694?
4
What is the hundred thousands digit of 321164?
3
What is the units digit of 813838?
8
What is the hundreds digit of 15840938?
9
What is the units digit of 2509387?
7
What is the tens digit of 736294?
9
What is the units digit of 372134?
4
What is the tens digit of 1266409?
0
What is the thousands digit of 588507?
8
What is the hundreds digit of 8766773?
7
What is the ten thousands digit of 346202?
4
What is the tens digit of 1310161?
6
What is the hundreds digit of 4120847?
8
What is the tens digit of 2086240?
4
What is the hundreds digit of 20795969?
9
What is the ten thousands digit of 8329263?
2
What is the hundreds digit of 17101?
1
What is the tens digit of 458298?
9
What is the hundred thousands digit of 363681?
3
What is the millions digit of 8962938?
8
What is the ten thousands digit of 25305099?
0
What is the hundreds digit of 28014357?
3
What is the hundreds digit of 1757917?
9
What is the thousands digit of 2737325?
7
What is the ten thousands digit of 306211?
0
What is the tens digit of 772077?
7
What is the hundred thousands digit of 1668236?
6
What is the units digit of 1331928?
8
What is the ten thousands digit of 461052?
6
What is the ten thousands digit of 545855?
4
What is the thousands digit of 102568?
2
What is the tens digit of 881628?
2
What is the tens digit of 494086?
8
What is the units digit of 11632604?
4
What is the hundreds digit of 814421?
4
What is the ten thousands digit of 2730704?
3
What is the units digit of 36811?
1
What is the hundreds digit of 2697545?
5
What is the hundred thousands digit of 11213738?
2
What is the hundreds digit of 162444?
4
What is the hundred thousands digit of 10186351?
1
What is the ten thousands digit of 1977374?
7
What is the hundreds digit of 1998375?
3
What is the units digit of 4271312?
2
What is the units digit of 606469?
9
What is the units digit of 4614257?
7
What is the units digit of 15448226?
6
What is the millions digit of 1531872?
1
What is the hundred thousands digit of 394687?
3
What is the units digit of 27675116?
6
What is the units digit of 952114?
4
What is the hundred thousands digit of 1212536?
2
What is the millions digit of 7269896?
7
What is the hundreds digit of 737554?
5
What is the hundred thousands digit of 25323781?
3
What is the units digit of 270780?
0
What is the hundred thousands digit of 14032524?
0
What is the hundreds digit of 1047231?
2
What is the tens digit of 741113?
1
What is the hundreds digit of 919282?
2
What is the units digit of 132609?
9
What is the hundreds digit of 7528541?
5
What is the hundred thousands digit of 294334?
2
What is the millions digit of 3089917?
3
What is the ten millions digit of 12902883?
1
What is the millions digit of 1770007?
1
What is the hundred thousands digit of 29944985?
9
What is the tens digit of 73972?
7
What is the units digit of 1353647?
7
What is the hundreds digit of 316544?
5
What is the thousands digit of 4849812?
9
What is the tens digit of 466181?
8
What is the hundreds digit of 770971?
9
What is the millions digit of 5375822?
5
What is the hundreds digit of 